{"id":82,"date":"2004-02-16T23:59:11","date_gmt":"2004-02-17T02:59:11","guid":{"rendered":"http:\/\/www.guiadovinho.com.br\/?page_id=82"},"modified":"2004-02-16T23:59:11","modified_gmt":"2004-02-17T02:59:11","slug":"vinhos-da-argentina","status":"publish","type":"page","link":"https:\/\/guiadovinho.com.br\/?page_id=82","title":{"rendered":"Vinhos da Argentina"},"content":{"rendered":"<div style=\"width: 789px\" class=\"wp-caption aligncenter\"><img loading=\"lazy\" decoding=\"async\" src=\"https:\/\/guiadovinho.com.br\/fotos\/confraria0.jpg\" alt=\"Confraria dos Prazeres - Restaurante Mir\u00f3 - Bragan\u00e7a Paulista, 16 de fevereiro de 2004.\" width=\"779\" height=\"237\"><p class=\"wp-caption-text\">Confraria dos Prazeres &#8211; Restaurante Mir\u00f3 &#8211; Bragan\u00e7a Paulista, 16 de fevereiro de 2004.<\/p><\/div>\n<p>CONFRARIA DOS PRAZERES (Vinho, Jazz e Charuto) &#8211; ARGENTINA<\/p>\n<p>2\u00ba encontro.<\/p>\n<p>Costuma-se dizer que a Argentina \u00e9 o gigante do mundo vitivinicultor e os principais motivos s\u00e3o:<\/p>\n<p>O alto consumo per capita, nos anos 60 e 70, era de incr\u00edveis 75 hectolitros\/ano e hoje chega a excelentes 42 hectolitros\/ano;<br \/>\nCondi\u00e7\u00f5es ideais de clima, com 320 dias de sol aproximadamente e regime de chuvas muito regular, sendo 100% dos vinhedos irrig\u00e1veis;<br \/>\nSer o quinto maior produtor de vinhos do mundo;<br \/>\nPrincipais produtores nacionais fizeram alian\u00e7as estrat\u00e9gicas com outros pa\u00edses produtores, transfer\u00eancia de tecnologia.<\/p>\n<p>Ainda \u00e9 cedo para afirmarmos que esse gigante acordou (ou acordar\u00e1) e que ir\u00e1 ocupar seu devido lugar no mundo dos vinhos. Mas o que vemos hoje \u00e9 a mais s\u00e9ria tentativa nesse sentido. Alguns produtores j\u00e1 colocam no mercado vinhos s\u00e9rios, com muita qualidade e compet\u00eancia.<\/p>\n<h5>PRINCIPAIS REGI\u00d5ES<\/h5>\n<p>Os vinhedos ocupam uma \u00e1rea compreendida entre a regi\u00e3o de Salta (ao norte, pr\u00f3ximo a divisa com a Bol\u00edvia) e o Vale do Rio Negro (ao sul, pr\u00f3ximo de Bariloche). S\u00e3o, aproximadamente, 1.700 km de extens\u00e3o, sempre nas encostas dos Andes.<\/p>\n<p>As principais regi\u00f5es s\u00e3o:<\/p>\n<ul>\n<li>Salta;<\/li>\n<li>Tucum\u00e1n;<\/li>\n<li>Catamarca;<\/li>\n<li>La Rioja;<\/li>\n<li>San Juan;<\/li>\n<li>Mendoza;<\/li>\n<li>La Pampa;<\/li>\n<li>Rio Negro.<\/li>\n<\/ul>\n<h5>PRINCIPAIS UVAS<\/h5>\n<p>A Argentina possui algumas uvas praticamente nativas como a Criolla e Torrontes (brancas) e a Bonarda (tinta), que produzem vinhos de todas as qualidades.<\/p>\n<p>Dentre as uvas brancas internacionais, as mais cultivadas s\u00e3o: Semillon Blanc, Chardonnay, Chenin Blanc e Ugni Blanc.<\/p>\n<p>Com rela\u00e7\u00e3o as tintas, as mais plantadas s\u00e3o: Malbec, Syrah, Tempranillo, Sangiovese, Merlot e Cabernet Sauvignon.<\/p>\n<h5>PRINCIPAIS PRODUTORES E VINHOS<\/h5>\n<p><strong>Catena:<\/strong> Catena Zapata, Catena Alta, Luca &#8220;Beso de Dante&#8221; e Caro (ch.Lafite);<br \/>\n<strong>Norton:<\/strong> Pedriel;<br \/>\n<strong>Zuccardi:<\/strong> Fam\u00edlia &#8220;Q&#8221;, Santa Julia Reserva;<br \/>\n<strong>Nieto Senetiner:<\/strong> Cadus;<br \/>\n<strong>Finca El Retiro:<\/strong> Finca La Anita;<br \/>\n<strong>Monteviejo:<\/strong> Lindaflor Malbec;<br \/>\n<strong>Bodega Vintage:<\/strong> An\u00fabis;<br \/>\n<strong>Altos L\u00e3s Hormigas:<\/strong> Reserva.<\/p>\n<h6>Curiosidades:<\/h6>\n<p>Na Argentina um vinho para ser considerado varietal, deve possuir no m\u00ednimo 80% da uva principal.<\/p>\n<p>A planta\u00e7\u00e3o sempre ocorre em altiplanos, o que \u00e9 diferente do Chile que planta nas encostas.<\/p>\n<p><em>A pr\u00f3xima reuni\u00e3o foi agendada para o dia 08\/03\/04 onde falaremos sobre espumantes.<\/em><\/p>\n","protected":false},"excerpt":{"rendered":"<p>CONFRARIA DOS PRAZERES (Vinho, Jazz e Charuto) &#8211; ARGENTINA 2\u00ba encontro. Costuma-se dizer que a Argentina \u00e9 o gigante do mundo vitivinicultor e os principais motivos s\u00e3o: O alto consumo per capita, nos anos 60 e 70, era de incr\u00edveis 75 hectolitros\/ano e hoje chega a excelentes 42 hectolitros\/ano; Condi\u00e7\u00f5es ideais de clima, com 320 [&hellip;]<\/p>\n","protected":false},"author":1,"featured_media":0,"parent":0,"menu_order":0,"comment_status":"closed","ping_status":"closed","template":"","meta":{"footnotes":""},"class_list":["post-82","page","type-page","status-publish","hentry"],"yoast_head":"<!-- This site is optimized with the Yoast SEO plugin v26.9 - https:\/\/yoast.com\/product\/yoast-seo-wordpress\/ -->\n<title>Vinhos da Argentina - Guia do Vinho<\/title>\n<meta name=\"robots\" content=\"index, follow, max-snippet:-1, max-image-preview:large, max-video-preview:-1\" \/>\n<link rel=\"canonical\" href=\"https:\/\/guiadovinho.com.br\/?page_id=82\" \/>\n<meta property=\"og:locale\" content=\"pt_BR\" \/>\n<meta property=\"og:type\" content=\"article\" \/>\n<meta property=\"og:title\" content=\"Vinhos da Argentina - Guia do Vinho\" \/>\n<meta property=\"og:description\" content=\"CONFRARIA DOS PRAZERES (Vinho, Jazz e Charuto) &#8211; ARGENTINA 2\u00ba encontro. Costuma-se dizer que a Argentina \u00e9 o gigante do mundo vitivinicultor e os principais motivos s\u00e3o: O alto consumo per capita, nos anos 60 e 70, era de incr\u00edveis 75 hectolitros\/ano e hoje chega a excelentes 42 hectolitros\/ano; Condi\u00e7\u00f5es ideais de clima, com 320 [&hellip;]\" \/>\n<meta property=\"og:url\" content=\"https:\/\/guiadovinho.com.br\/?page_id=82\" \/>\n<meta property=\"og:site_name\" content=\"Guia do Vinho\" \/>\n<meta property=\"og:image\" content=\"https:\/\/guiadovinho.com.br\/fotos\/confraria0.jpg\" \/>\n<meta name=\"twitter:card\" content=\"summary_large_image\" \/>\n<meta name=\"twitter:label1\" content=\"Est. tempo de leitura\" \/>\n\t<meta name=\"twitter:data1\" content=\"2 minutos\" \/>\n<script type=\"application\/ld+json\" class=\"yoast-schema-graph\">{\"@context\":\"https:\/\/schema.org\",\"@graph\":[{\"@type\":\"WebPage\",\"@id\":\"https:\/\/guiadovinho.com.br\/?page_id=82\",\"url\":\"https:\/\/guiadovinho.com.br\/?page_id=82\",\"name\":\"Vinhos da Argentina - Guia do Vinho\",\"isPartOf\":{\"@id\":\"https:\/\/guiadovinho.com.br\/#website\"},\"primaryImageOfPage\":{\"@id\":\"https:\/\/guiadovinho.com.br\/?page_id=82#primaryimage\"},\"image\":{\"@id\":\"https:\/\/guiadovinho.com.br\/?page_id=82#primaryimage\"},\"thumbnailUrl\":\"https:\/\/guiadovinho.com.br\/fotos\/confraria0.jpg\",\"datePublished\":\"2004-02-17T02:59:11+00:00\",\"breadcrumb\":{\"@id\":\"https:\/\/guiadovinho.com.br\/?page_id=82#breadcrumb\"},\"inLanguage\":\"pt-BR\",\"potentialAction\":[{\"@type\":\"ReadAction\",\"target\":[\"https:\/\/guiadovinho.com.br\/?page_id=82\"]}]},{\"@type\":\"ImageObject\",\"inLanguage\":\"pt-BR\",\"@id\":\"https:\/\/guiadovinho.com.br\/?page_id=82#primaryimage\",\"url\":\"https:\/\/guiadovinho.com.br\/fotos\/confraria0.jpg\",\"contentUrl\":\"https:\/\/guiadovinho.com.br\/fotos\/confraria0.jpg\"},{\"@type\":\"BreadcrumbList\",\"@id\":\"https:\/\/guiadovinho.com.br\/?page_id=82#breadcrumb\",\"itemListElement\":[{\"@type\":\"ListItem\",\"position\":1,\"name\":\"In\u00edcio\",\"item\":\"https:\/\/guiadovinho.com.br\/\"},{\"@type\":\"ListItem\",\"position\":2,\"name\":\"Vinhos da Argentina\"}]},{\"@type\":\"WebSite\",\"@id\":\"https:\/\/guiadovinho.com.br\/#website\",\"url\":\"https:\/\/guiadovinho.com.br\/\",\"name\":\"Guia do Vinho\",\"description\":\"O vinho e as coisas boas da vida\",\"publisher\":{\"@id\":\"https:\/\/guiadovinho.com.br\/#organization\"},\"potentialAction\":[{\"@type\":\"SearchAction\",\"target\":{\"@type\":\"EntryPoint\",\"urlTemplate\":\"https:\/\/guiadovinho.com.br\/?s={search_term_string}\"},\"query-input\":{\"@type\":\"PropertyValueSpecification\",\"valueRequired\":true,\"valueName\":\"search_term_string\"}}],\"inLanguage\":\"pt-BR\"},{\"@type\":\"Organization\",\"@id\":\"https:\/\/guiadovinho.com.br\/#organization\",\"name\":\"Guia do Vinho\",\"url\":\"https:\/\/guiadovinho.com.br\/\",\"logo\":{\"@type\":\"ImageObject\",\"inLanguage\":\"pt-BR\",\"@id\":\"https:\/\/guiadovinho.com.br\/#\/schema\/logo\/image\/\",\"url\":\"https:\/\/guiadovinho.com.br\/wp-content\/uploads\/2019\/12\/logo_guia_do_vinho.jpg\",\"contentUrl\":\"https:\/\/guiadovinho.com.br\/wp-content\/uploads\/2019\/12\/logo_guia_do_vinho.jpg\",\"width\":279,\"height\":68,\"caption\":\"Guia do Vinho\"},\"image\":{\"@id\":\"https:\/\/guiadovinho.com.br\/#\/schema\/logo\/image\/\"}}]}<\/script>\n<!-- \/ Yoast SEO plugin. -->","yoast_head_json":{"title":"Vinhos da Argentina - Guia do Vinho","robots":{"index":"index","follow":"follow","max-snippet":"max-snippet:-1","max-image-preview":"max-image-preview:large","max-video-preview":"max-video-preview:-1"},"canonical":"https:\/\/guiadovinho.com.br\/?page_id=82","og_locale":"pt_BR","og_type":"article","og_title":"Vinhos da Argentina - Guia do Vinho","og_description":"CONFRARIA DOS PRAZERES (Vinho, Jazz e Charuto) &#8211; ARGENTINA 2\u00ba encontro. Costuma-se dizer que a Argentina \u00e9 o gigante do mundo vitivinicultor e os principais motivos s\u00e3o: O alto consumo per capita, nos anos 60 e 70, era de incr\u00edveis 75 hectolitros\/ano e hoje chega a excelentes 42 hectolitros\/ano; Condi\u00e7\u00f5es ideais de clima, com 320 [&hellip;]","og_url":"https:\/\/guiadovinho.com.br\/?page_id=82","og_site_name":"Guia do Vinho","og_image":[{"url":"https:\/\/guiadovinho.com.br\/fotos\/confraria0.jpg","type":"","width":"","height":""}],"twitter_card":"summary_large_image","twitter_misc":{"Est. tempo de leitura":"2 minutos"},"schema":{"@context":"https:\/\/schema.org","@graph":[{"@type":"WebPage","@id":"https:\/\/guiadovinho.com.br\/?page_id=82","url":"https:\/\/guiadovinho.com.br\/?page_id=82","name":"Vinhos da Argentina - Guia do Vinho","isPartOf":{"@id":"https:\/\/guiadovinho.com.br\/#website"},"primaryImageOfPage":{"@id":"https:\/\/guiadovinho.com.br\/?page_id=82#primaryimage"},"image":{"@id":"https:\/\/guiadovinho.com.br\/?page_id=82#primaryimage"},"thumbnailUrl":"https:\/\/guiadovinho.com.br\/fotos\/confraria0.jpg","datePublished":"2004-02-17T02:59:11+00:00","breadcrumb":{"@id":"https:\/\/guiadovinho.com.br\/?page_id=82#breadcrumb"},"inLanguage":"pt-BR","potentialAction":[{"@type":"ReadAction","target":["https:\/\/guiadovinho.com.br\/?page_id=82"]}]},{"@type":"ImageObject","inLanguage":"pt-BR","@id":"https:\/\/guiadovinho.com.br\/?page_id=82#primaryimage","url":"https:\/\/guiadovinho.com.br\/fotos\/confraria0.jpg","contentUrl":"https:\/\/guiadovinho.com.br\/fotos\/confraria0.jpg"},{"@type":"BreadcrumbList","@id":"https:\/\/guiadovinho.com.br\/?page_id=82#breadcrumb","itemListElement":[{"@type":"ListItem","position":1,"name":"In\u00edcio","item":"https:\/\/guiadovinho.com.br\/"},{"@type":"ListItem","position":2,"name":"Vinhos da Argentina"}]},{"@type":"WebSite","@id":"https:\/\/guiadovinho.com.br\/#website","url":"https:\/\/guiadovinho.com.br\/","name":"Guia do Vinho","description":"O vinho e as coisas boas da vida","publisher":{"@id":"https:\/\/guiadovinho.com.br\/#organization"},"potentialAction":[{"@type":"SearchAction","target":{"@type":"EntryPoint","urlTemplate":"https:\/\/guiadovinho.com.br\/?s={search_term_string}"},"query-input":{"@type":"PropertyValueSpecification","valueRequired":true,"valueName":"search_term_string"}}],"inLanguage":"pt-BR"},{"@type":"Organization","@id":"https:\/\/guiadovinho.com.br\/#organization","name":"Guia do Vinho","url":"https:\/\/guiadovinho.com.br\/","logo":{"@type":"ImageObject","inLanguage":"pt-BR","@id":"https:\/\/guiadovinho.com.br\/#\/schema\/logo\/image\/","url":"https:\/\/guiadovinho.com.br\/wp-content\/uploads\/2019\/12\/logo_guia_do_vinho.jpg","contentUrl":"https:\/\/guiadovinho.com.br\/wp-content\/uploads\/2019\/12\/logo_guia_do_vinho.jpg","width":279,"height":68,"caption":"Guia do Vinho"},"image":{"@id":"https:\/\/guiadovinho.com.br\/#\/schema\/logo\/image\/"}}]}},"_links":{"self":[{"href":"https:\/\/guiadovinho.com.br\/index.php?rest_route=\/wp\/v2\/pages\/82","targetHints":{"allow":["GET"]}}],"collection":[{"href":"https:\/\/guiadovinho.com.br\/index.php?rest_route=\/wp\/v2\/pages"}],"about":[{"href":"https:\/\/guiadovinho.com.br\/index.php?rest_route=\/wp\/v2\/types\/page"}],"author":[{"embeddable":true,"href":"https:\/\/guiadovinho.com.br\/index.php?rest_route=\/wp\/v2\/users\/1"}],"replies":[{"embeddable":true,"href":"https:\/\/guiadovinho.com.br\/index.php?rest_route=%2Fwp%2Fv2%2Fcomments&post=82"}],"version-history":[{"count":0,"href":"https:\/\/guiadovinho.com.br\/index.php?rest_route=\/wp\/v2\/pages\/82\/revisions"}],"wp:attachment":[{"href":"https:\/\/guiadovinho.com.br\/index.php?rest_route=%2Fwp%2Fv2%2Fmedia&parent=82"}],"curies":[{"name":"wp","href":"https:\/\/api.w.org\/{rel}","templated":true}]}}